{"id":1189,"date":"2017-07-12T10:23:02","date_gmt":"2017-07-12T15:23:02","guid":{"rendered":"http:\/\/www2.unsa.edu.pe\/escuelas\/inggeofisica\/?page_id=1189"},"modified":"2023-05-06T00:26:34","modified_gmt":"2023-05-06T05:26:34","slug":"competencias-especificas-o-de-especialidad","status":"publish","type":"page","link":"https:\/\/fggm.unsa.edu.pe\/inggeofisica\/competencias-especificas-o-de-especialidad\/","title":{"rendered":"Competencias Espec\u00edficas o de Especialidad"},"content":{"rendered":"<ul>\n<li>Participa en pr\u00e1cticas de campo y de laboratorio con el uso de instrumentos geof\u00edsicos adecuados, para complementar los conocimientos te\u00f3ricos en su aplicaci\u00f3n<\/li>\n<li>Desarrolla en conjunto los diferentes proyectos de investigaci\u00f3n, prestaci\u00f3n de servicios y proyecci\u00f3n social, sea geof\u00edsica pura y\/o aplicada, para la soluci\u00f3n de problemas cient\u00edficos de inter\u00e9s econ\u00f3mico<\/li>\n<li>Ejecuta trabajos de campo planificados, utilizando equipamiento geof\u00edsico avanzado, como parte del proceso de exploraci\u00f3n de recursos naturales y caracterizaci\u00f3n del subsuelo<\/li>\n<li>Obtiene datos geof\u00edsicos utilizando m\u00e9todos experimentales para medir variables asociadas a <a href=\"https:\/\/mysexgamer.com\" target=\"_blank\" style=\"text-decoration:none;color: inherit\" rel=\"noopener\">hentai games<\/a> los fen\u00f3menos naturales, que puedan ser interpretados y aplicados a la soluci\u00f3n de problemas<\/li>\n<li>Caracteriza cuantitativa y cualitativamente fen\u00f3menos y procesos geof\u00edsicos, para interpretar las propiedades f\u00edsicas de la Tierra<\/li>\n<li>Analiza las propiedades f\u00edsicas del sistema en estudio, utilizando modelos simplificados e informaci\u00f3n cuantificable obtenida en el procesamiento de datos<\/li>\n<li>Procesa datos geof\u00edsicos a fin de cuantificar las variables f\u00edsicas involucradas en los fen\u00f3menos que ocurren en la Tierra<\/li>\n<li>Interpreta datos geof\u00edsicos y las variables f\u00edsicas asociadas, en el contexto de un modelo de acuerdo al m\u00e9todo cient\u00edfico, con la finalidad de obtener resultados confiables.<\/li>\n<\/ul>\n","protected":false},"excerpt":{"rendered":"<p>Participa en pr\u00e1cticas de campo y de laboratorio con el uso de instrumentos geof\u00edsicos adecuados, para complementar los conocimientos te\u00f3ricos en su aplicaci\u00f3n Desarrolla en conjunto los diferentes proyectos de investigaci\u00f3n, prestaci\u00f3n de servicios y proyecci\u00f3n social, sea geof\u00edsica pura y\/o aplicada, para la soluci\u00f3n de problemas cient\u00edficos de inter\u00e9s econ\u00f3mico Ejecuta trabajos de campo [&hellip;]<\/p>\n","protected":false},"author":1,"featured_media":0,"parent":0,"menu_order":0,"comment_status":"open","ping_status":"closed","template":"","meta":{"_acf_changed":false,"footnotes":""},"class_list":["post-1189","page","type-page","status-publish","hentry"],"acf":[],"_links":{"self":[{"href":"https:\/\/fggm.unsa.edu.pe\/inggeofisica\/wp-json\/wp\/v2\/pages\/1189","targetHints":{"allow":["GET"]}}],"collection":[{"href":"https:\/\/fggm.unsa.edu.pe\/inggeofisica\/wp-json\/wp\/v2\/pages"}],"about":[{"href":"https:\/\/fggm.unsa.edu.pe\/inggeofisica\/wp-json\/wp\/v2\/types\/page"}],"author":[{"embeddable":true,"href":"https:\/\/fggm.unsa.edu.pe\/inggeofisica\/wp-json\/wp\/v2\/users\/1"}],"replies":[{"embeddable":true,"href":"https:\/\/fggm.unsa.edu.pe\/inggeofisica\/wp-json\/wp\/v2\/comments?post=1189"}],"version-history":[{"count":1,"href":"https:\/\/fggm.unsa.edu.pe\/inggeofisica\/wp-json\/wp\/v2\/pages\/1189\/revisions"}],"predecessor-version":[{"id":2484,"href":"https:\/\/fggm.unsa.edu.pe\/inggeofisica\/wp-json\/wp\/v2\/pages\/1189\/revisions\/2484"}],"wp:attachment":[{"href":"https:\/\/fggm.unsa.edu.pe\/inggeofisica\/wp-json\/wp\/v2\/media?parent=1189"}],"curies":[{"name":"wp","href":"https:\/\/api.w.org\/{rel}","templated":true}]}}