{"id":1155,"date":"2017-09-12T16:58:27","date_gmt":"2017-09-12T16:58:27","guid":{"rendered":"http:\/\/www2.unsa.edu.pe\/escuelas\/inggeologica\/?page_id=1155"},"modified":"2019-11-06T14:37:50","modified_gmt":"2019-11-06T19:37:50","slug":"perfil-del-egresado","status":"publish","type":"page","link":"https:\/\/fggm.unsa.edu.pe\/inggeologica\/perfil-del-egresado\/","title":{"rendered":"Perfil Profesional (Egresado)"},"content":{"rendered":"<p>El Profesional de la Escuela de Ingenier\u00eda Geol\u00f3gica de la UNSA, se caracteriza por poseer las siguientes competencias:<\/p>\n<ul>\n<li><strong>Realiza an\u00e1lisis <\/strong>descriptivos, anal\u00edticos, digitales, <strong>para la representaci\u00f3n espacial de<\/strong> data georreferenciable a partir de los datos obtenidos del trabajo de campo.<\/li>\n<li><strong>Analiza <\/strong>cualitativa y cuantitativamente los <strong>procesos geol\u00f3gicos en \u00e1reas continentales y oce\u00e1nicas <\/strong>para reconstruir la historia geol\u00f3gica de una regi\u00f3n, en diferentes escalas. Los estudios geol\u00f3gicos del planeta Tierra sirven como referencia para la exploraci\u00f3n interplanetaria.<\/li>\n<li><strong>Explora <\/strong>recursos minerales met\u00e1licos y no met\u00e1licos, energ\u00e9ticos e h\u00eddricos, preservando el medio ambiente, para su evaluaci\u00f3n correspondiente y futura explotaci\u00f3n.<\/li>\n<li><strong>Eval\u00faa las condiciones <\/strong>geot\u00e9cnicas de suelos y rocas <strong>para la ejecuci\u00f3n de obras civiles y de miner\u00eda.<\/strong><\/li>\n<li><strong>\u00a0<\/strong><strong>Eval\u00faa peligros geol\u00f3gicos para<\/strong> la prevenci\u00f3n y mitigaci\u00f3n de desastres naturales y antr\u00f3picos.<\/li>\n<li><strong>Desarrolla proyectos en el \u00e1mbito de la Investigaci\u00f3n Geol\u00f3gica e Ingenier\u00eda Geol\u00f3gica<\/strong>, con responsabilidad profesional, social y \u00e9tica, en forma individual y en equipo para desarrollar o adecuar las mejores soluciones para las diferentes tareas encomendadas y objetivos planteados, contribuyendo a una mejor toma de decisiones, del desarrollo de su regi\u00f3n y pa\u00eds.<\/li>\n<\/ul>\n","protected":false},"excerpt":{"rendered":"<p>El Profesional de la Escuela de Ingenier\u00eda Geol\u00f3gica de la UNSA, se caracteriza por poseer las siguientes competencias: Realiza an\u00e1lisis descriptivos, anal\u00edticos, digitales, para la representaci\u00f3n espacial de data georreferenciable a partir de los datos obtenidos del trabajo de campo. Analiza cualitativa y cuantitativamente los procesos geol\u00f3gicos en \u00e1reas continentales y oce\u00e1nicas para reconstruir la [&hellip;]<\/p>\n","protected":false},"author":1,"featured_media":0,"parent":0,"menu_order":0,"comment_status":"closed","ping_status":"closed","template":"","meta":{"footnotes":""},"class_list":["post-1155","page","type-page","status-publish","hentry"],"_links":{"self":[{"href":"https:\/\/fggm.unsa.edu.pe\/inggeologica\/wp-json\/wp\/v2\/pages\/1155","targetHints":{"allow":["GET"]}}],"collection":[{"href":"https:\/\/fggm.unsa.edu.pe\/inggeologica\/wp-json\/wp\/v2\/pages"}],"about":[{"href":"https:\/\/fggm.unsa.edu.pe\/inggeologica\/wp-json\/wp\/v2\/types\/page"}],"author":[{"embeddable":true,"href":"https:\/\/fggm.unsa.edu.pe\/inggeologica\/wp-json\/wp\/v2\/users\/1"}],"replies":[{"embeddable":true,"href":"https:\/\/fggm.unsa.edu.pe\/inggeologica\/wp-json\/wp\/v2\/comments?post=1155"}],"version-history":[{"count":3,"href":"https:\/\/fggm.unsa.edu.pe\/inggeologica\/wp-json\/wp\/v2\/pages\/1155\/revisions"}],"predecessor-version":[{"id":1470,"href":"https:\/\/fggm.unsa.edu.pe\/inggeologica\/wp-json\/wp\/v2\/pages\/1155\/revisions\/1470"}],"wp:attachment":[{"href":"https:\/\/fggm.unsa.edu.pe\/inggeologica\/wp-json\/wp\/v2\/media?parent=1155"}],"curies":[{"name":"wp","href":"https:\/\/api.w.org\/{rel}","templated":true}]}}