{"id":1449,"date":"2019-05-06T10:07:15","date_gmt":"2019-05-06T15:07:15","guid":{"rendered":"https:\/\/fggm.unsa.edu.pe\/inggeologica\/?page_id=1449"},"modified":"2025-12-05T10:31:16","modified_gmt":"2025-12-05T15:31:16","slug":"director-de-escuela","status":"publish","type":"page","link":"https:\/\/fggm.unsa.edu.pe\/inggeologica\/director-de-escuela\/","title":{"rendered":"Director del Programa de Estudios"},"content":{"rendered":"<h3><img loading=\"lazy\" decoding=\"async\" class=\"alignnone wp-image-1837 size-full\" src=\"https:\/\/fggm.unsa.edu.pe\/inggeologica\/wp-content\/uploads\/sites\/3\/2025\/12\/Director-de-escuela-2025-e1764948580463.jpeg\" alt=\"\" width=\"1123\" height=\"746\" srcset=\"https:\/\/fggm.unsa.edu.pe\/inggeologica\/wp-content\/uploads\/sites\/3\/2025\/12\/Director-de-escuela-2025-e1764948580463.jpeg 1123w, https:\/\/fggm.unsa.edu.pe\/inggeologica\/wp-content\/uploads\/sites\/3\/2025\/12\/Director-de-escuela-2025-e1764948580463-768x510.jpeg 768w\" sizes=\"auto, (max-width: 1123px) 100vw, 1123px\" \/><\/h3>\n<h3>Dr. ANTENOR EDGARDO CH\u00c1VEZ VALENCIA<\/h3>\n<p>Director del Programa de Estudios Ingenier\u00eda Geol\u00f3gica;<br \/>\nDocente Principal de la Facultad de Geolog\u00eda, Geof\u00edsica y Minas de la UNSA.<br \/>\nE-mail: achavezv@unsa.edu.pe<\/p>\n","protected":false},"excerpt":{"rendered":"<p>Dr. ANTENOR EDGARDO CH\u00c1VEZ VALENCIA Director del Programa de Estudios Ingenier\u00eda Geol\u00f3gica; Docente Principal de la Facultad de Geolog\u00eda, Geof\u00edsica y Minas de la UNSA. E-mail: achavezv@unsa.edu.pe<\/p>\n","protected":false},"author":1,"featured_media":1046,"parent":0,"menu_order":0,"comment_status":"closed","ping_status":"closed","template":"","meta":{"footnotes":""},"class_list":["post-1449","page","type-page","status-publish","has-post-thumbnail","hentry"],"_links":{"self":[{"href":"https:\/\/fggm.unsa.edu.pe\/inggeologica\/wp-json\/wp\/v2\/pages\/1449","targetHints":{"allow":["GET"]}}],"collection":[{"href":"https:\/\/fggm.unsa.edu.pe\/inggeologica\/wp-json\/wp\/v2\/pages"}],"about":[{"href":"https:\/\/fggm.unsa.edu.pe\/inggeologica\/wp-json\/wp\/v2\/types\/page"}],"author":[{"embeddable":true,"href":"https:\/\/fggm.unsa.edu.pe\/inggeologica\/wp-json\/wp\/v2\/users\/1"}],"replies":[{"embeddable":true,"href":"https:\/\/fggm.unsa.edu.pe\/inggeologica\/wp-json\/wp\/v2\/comments?post=1449"}],"version-history":[{"count":17,"href":"https:\/\/fggm.unsa.edu.pe\/inggeologica\/wp-json\/wp\/v2\/pages\/1449\/revisions"}],"predecessor-version":[{"id":1836,"href":"https:\/\/fggm.unsa.edu.pe\/inggeologica\/wp-json\/wp\/v2\/pages\/1449\/revisions\/1836"}],"wp:featuredmedia":[{"embeddable":true,"href":"https:\/\/fggm.unsa.edu.pe\/inggeologica\/wp-json\/wp\/v2\/media\/1046"}],"wp:attachment":[{"href":"https:\/\/fggm.unsa.edu.pe\/inggeologica\/wp-json\/wp\/v2\/media?parent=1449"}],"curies":[{"name":"wp","href":"https:\/\/api.w.org\/{rel}","templated":true}]}}