{"id":1624,"date":"2020-06-03T15:03:58","date_gmt":"2020-06-03T20:03:58","guid":{"rendered":"https:\/\/fggm.unsa.edu.pe\/ingminas\/?page_id=1624"},"modified":"2025-11-12T15:38:00","modified_gmt":"2025-11-12T20:38:00","slug":"documentos-oficiales","status":"publish","type":"page","link":"https:\/\/fggm.unsa.edu.pe\/ingminas\/documentos-oficiales\/","title":{"rendered":"Documentos oficiales"},"content":{"rendered":"<ul>\n<li style=\"list-style-type: none\"><\/li>\n<\/ul>\n<ul>\n<li style=\"list-style-type: none\">\n<ul>\n<li><a href=\"https:\/\/fggm.unsa.edu.pe\/ingminas\/wp-content\/uploads\/sites\/4\/2025\/11\/REGLAMENTO-CONCURSO-CONTRATO_DOCENTES-2020.pdf\" target=\"_blank\" rel=\"noopener\">REGLAMENTO-CONCURSO-CONTRATO_DOCENTES-2020<\/a><\/li>\n<li><a href=\"https:\/\/transparencia.unsa.edu.pe\/bitstream\/handle\/123456789\/920\/RCU-0392-2022.pdf?sequence=1&amp;isAllowed=y\" target=\"_blank\" rel=\"noopener\">REGLAMENTO DE DOCENTE INVESTIGADOR<\/a><\/li>\n<li><a href=\"https:\/\/fggm.unsa.edu.pe\/ingminas\/wp-content\/uploads\/sites\/4\/2025\/11\/REGLAMENTO-DE-INVESTIGACION-DE-LOS-DOCENTES-DE-LA-UNIVERSIDA.pdf\" target=\"_blank\" rel=\"noopener\">REGLAMENTO DE INVESTIGACI\u00d3N DE LOS DOCENTES<\/a><\/li>\n<li><a href=\"https:\/\/fggm.unsa.edu.pe\/ingminas\/wp-content\/uploads\/sites\/4\/2025\/11\/REGLAMENTO-DE-LA-DOCENCIA-EN-EL-SERVICIO-DE-LA-UNSA.pdf\" target=\"_blank\" rel=\"noopener\">REGLAMENTO DE LA DOCENCIA EN EL SERVICIO DE LA UNSA<\/a><\/li>\n<li><a href=\"https:\/\/fggm.unsa.edu.pe\/ingminas\/wp-content\/uploads\/sites\/4\/2025\/11\/reglamento_de_la_propiedad_intelectual_2025_RCU-0427-2025.pdf\" target=\"_blank\" rel=\"noopener\">REGLAMENTO DE PROPIEDAD INTELECTUAL<\/a><\/li>\n<li><a href=\"https:\/\/fggm.unsa.edu.pe\/ingminas\/wp-content\/uploads\/sites\/4\/2025\/11\/RCU-298-2016-Reglamento-de-publicaciones-UNSA_compressed-1.pdf\" target=\"_blank\" rel=\"noopener\">REGLAMENTO DE PUBLICACIONES DE LA UNSA<\/a><\/li>\n<li><a href=\"https:\/\/fggm.unsa.edu.pe\/ingminas\/wp-content\/uploads\/sites\/4\/2025\/11\/REGLAMENTO-DE-REGISTRO-DE-NOTAS-Y-SU-EVALUACION-DE-LA-UNSA.pdf\" target=\"_blank\" rel=\"noopener\">REGLAMENTO DE REGISTRO DE NOTAS Y SU EVALUACI\u00d3N<\/a><\/li>\n<li><a href=\"https:\/\/fggm.unsa.edu.pe\/ingminas\/wp-content\/uploads\/sites\/4\/2025\/11\/reglamento_de_ensenanza_aprendizaje_RCU-0161-2021.pdf\" target=\"_blank\" rel=\"noopener\">REGLAMENTO DE ENSE\u00d1ANZA Y APRENDIZAJE<\/a><\/li>\n<li><a href=\"https:\/\/fggm.unsa.edu.pe\/ingminas\/wp-content\/uploads\/sites\/4\/2025\/11\/reglamento_movilidad_estudiantil_RCU-0575-2024.pdf\" target=\"_blank\" rel=\"noopener\">REGLAMENTO DE MOVILIDAD ESTUDIANTIL<\/a><\/li>\n<li><a href=\"https:\/\/fggm.unsa.edu.pe\/ingminas\/wp-content\/uploads\/sites\/4\/2025\/11\/reglamento-practicas-profesionales.pdf\" target=\"_blank\" rel=\"noopener\">REGLAMENTO DE PR\u00c1CTICAS PROFESIONALES<\/a><\/li>\n<li><a href=\"https:\/\/fggm.unsa.edu.pe\/ingminas\/wp-content\/uploads\/sites\/4\/2025\/11\/reglamento-tutoria.pdf\" target=\"_blank\" rel=\"noopener\">REGLAMENTO DE TUTOR\u00cdA<\/a><\/li>\n<li><a href=\"https:\/\/fggm.unsa.edu.pe\/ingminas\/wp-content\/uploads\/sites\/4\/2025\/11\/REGLAMENTO-DE-LA-ESCUELA-DE-POSGRADO-2019.pdf\" target=\"_blank\" rel=\"noopener\">REGLAMENTO DE LA ESCUELA DE POSGRADO 2019<\/a><\/li>\n<li><a href=\"https:\/\/admision.unsa.edu.pe\/cuadro-de-vacantes-2025\/\" target=\"_blank\" rel=\"noopener\">CUADRO DE VACANTES 2025<\/a><\/li>\n<li><a href=\"https:\/\/fggm.unsa.edu.pe\/ingminas\/wp-content\/uploads\/sites\/4\/2025\/11\/reglamento-de-admision.pdf\" target=\"_blank\" rel=\"noopener\">REGLAMENTO DE ADMISI\u00d3N<\/a><\/li>\n<li><a href=\"https:\/\/fggm.unsa.edu.pe\/ingminas\/wp-content\/uploads\/sites\/4\/2025\/11\/ESTATUTO-UNSA.pdf\" target=\"_blank\" rel=\"noopener\">ESTATUTO<\/a><\/li>\n<li><a href=\"https:\/\/fggm.unsa.edu.pe\/ingminas\/wp-content\/uploads\/sites\/4\/2020\/06\/18.-REGLAMENTO_MATRICULA_2020_MODIFICADO.pdf\" target=\"_blank\" rel=\"noopener\">REGLAMENTO_MATRICULA_2020_MODIFICADO<\/a><\/li>\n<li><a href=\"https:\/\/fggm.unsa.edu.pe\/ingminas\/wp-content\/uploads\/sites\/4\/2025\/11\/reglamento_de_grados_y_titulos.pdf\" target=\"_blank\" rel=\"noopener\">REGLAMENTO DE GRADOS Y T\u00cdTULOS<\/a><\/li>\n<\/ul>\n<\/li>\n<\/ul>\n","protected":false},"excerpt":{"rendered":"<p>REGLAMENTO-CONCURSO-CONTRATO_DOCENTES-2020 REGLAMENTO DE DOCENTE INVESTIGADOR REGLAMENTO DE INVESTIGACI\u00d3N DE LOS DOCENTES REGLAMENTO DE LA DOCENCIA EN EL SERVICIO DE LA UNSA REGLAMENTO DE PROPIEDAD INTELECTUAL REGLAMENTO DE PUBLICACIONES DE LA UNSA REGLAMENTO DE REGISTRO DE NOTAS Y SU EVALUACI\u00d3N REGLAMENTO DE ENSE\u00d1ANZA Y APRENDIZAJE REGLAMENTO DE MOVILIDAD ESTUDIANTIL REGLAMENTO DE PR\u00c1CTICAS PROFESIONALES REGLAMENTO DE TUTOR\u00cdA [&hellip;]<\/p>\n","protected":false},"author":1,"featured_media":1573,"parent":0,"menu_order":0,"comment_status":"closed","ping_status":"closed","template":"","meta":{"footnotes":""},"class_list":["post-1624","page","type-page","status-publish","has-post-thumbnail","hentry"],"_links":{"self":[{"href":"https:\/\/fggm.unsa.edu.pe\/ingminas\/wp-json\/wp\/v2\/pages\/1624","targetHints":{"allow":["GET"]}}],"collection":[{"href":"https:\/\/fggm.unsa.edu.pe\/ingminas\/wp-json\/wp\/v2\/pages"}],"about":[{"href":"https:\/\/fggm.unsa.edu.pe\/ingminas\/wp-json\/wp\/v2\/types\/page"}],"author":[{"embeddable":true,"href":"https:\/\/fggm.unsa.edu.pe\/ingminas\/wp-json\/wp\/v2\/users\/1"}],"replies":[{"embeddable":true,"href":"https:\/\/fggm.unsa.edu.pe\/ingminas\/wp-json\/wp\/v2\/comments?post=1624"}],"version-history":[{"count":8,"href":"https:\/\/fggm.unsa.edu.pe\/ingminas\/wp-json\/wp\/v2\/pages\/1624\/revisions"}],"predecessor-version":[{"id":2129,"href":"https:\/\/fggm.unsa.edu.pe\/ingminas\/wp-json\/wp\/v2\/pages\/1624\/revisions\/2129"}],"wp:featuredmedia":[{"embeddable":true,"href":"https:\/\/fggm.unsa.edu.pe\/ingminas\/wp-json\/wp\/v2\/media\/1573"}],"wp:attachment":[{"href":"https:\/\/fggm.unsa.edu.pe\/ingminas\/wp-json\/wp\/v2\/media?parent=1624"}],"curies":[{"name":"wp","href":"https:\/\/api.w.org\/{rel}","templated":true}]}}