{"id":1824,"date":"2020-09-25T21:31:04","date_gmt":"2020-09-26T02:31:04","guid":{"rendered":"https:\/\/fggm.unsa.edu.pe\/ingminas\/?page_id=1824"},"modified":"2020-09-26T12:01:05","modified_gmt":"2020-09-26T17:01:05","slug":"participacion-en-eventos-academicos-internacionales","status":"publish","type":"page","link":"https:\/\/fggm.unsa.edu.pe\/ingminas\/participacion-en-eventos-academicos-internacionales\/","title":{"rendered":"Participaci\u00f3n en Eventos Acad\u00e9micos Internacionales"},"content":{"rendered":"<p><strong>3er. Simposio Sudamericano de Excavaciones en Roca SASORE 2018<\/strong><\/p>\n<p><img loading=\"lazy\" decoding=\"async\" class=\" wp-image-1834 aligncenter\" src=\"https:\/\/fggm.unsa.edu.pe\/ingminas\/wp-content\/uploads\/sites\/4\/2020\/09\/1.jpg\" alt=\"\" width=\"562\" height=\"424\" srcset=\"https:\/\/fggm.unsa.edu.pe\/ingminas\/wp-content\/uploads\/sites\/4\/2020\/09\/1.jpg 648w, https:\/\/fggm.unsa.edu.pe\/ingminas\/wp-content\/uploads\/sites\/4\/2020\/09\/1-88x67.jpg 88w\" sizes=\"auto, (max-width: 562px) 100vw, 562px\" \/><\/p>\n<p>&nbsp;<\/p>\n<p>Alumnos del Programa Profesional de Ingenier\u00eda de Minas &#8211; 2018<\/p>\n<p>&nbsp;<\/p>\n<p><strong>XXXIII Convenci\u00f3n Internacional de Miner\u00eda Acapulco 2019<\/strong><\/p>\n<p><img loading=\"lazy\" decoding=\"async\" class=\" wp-image-1833 aligncenter\" src=\"https:\/\/fggm.unsa.edu.pe\/ingminas\/wp-content\/uploads\/sites\/4\/2020\/09\/2.jpg\" alt=\"\" width=\"462\" height=\"624\" \/><\/p>\n<p>&nbsp;<\/p>\n<p>Docente presente en la Convenci\u00f3n Internacional de Mineria Acapulco 2019<\/p>\n<p><img loading=\"lazy\" decoding=\"async\" class=\" wp-image-1832 aligncenter\" src=\"https:\/\/fggm.unsa.edu.pe\/ingminas\/wp-content\/uploads\/sites\/4\/2020\/09\/3.jpg\" alt=\"\" width=\"538\" height=\"535\" \/><\/p>\n<p>Estudiante presente en la Convenci\u00f3n Internacional de Miner\u00eda Acapulco 2019<\/p>\n<p><img loading=\"lazy\" decoding=\"async\" class=\"size-full wp-image-1835 aligncenter\" src=\"https:\/\/fggm.unsa.edu.pe\/ingminas\/wp-content\/uploads\/sites\/4\/2020\/09\/4.jpg\" alt=\"\" width=\"650\" height=\"584\" \/><\/p>\n<p>&nbsp;<\/p>\n<p>&nbsp;<\/p>\n<p>&nbsp;<\/p>\n<p>&nbsp;<\/p>\n<p>&nbsp;<\/p>\n<p>&nbsp;<\/p>\n<p>&nbsp;<\/p>\n<p>&nbsp;<\/p>\n<p>&nbsp;<\/p>\n<p>&nbsp;<\/p>\n<p>&nbsp;<\/p>\n<p>&nbsp;<\/p>\n<p>&nbsp;<\/p>\n<p>&nbsp;<\/p>\n<p>&nbsp;<\/p>\n<p>&nbsp;<\/p>\n<p>&nbsp;<\/p>\n<p><strong>PERUMIN 34 CONVENCI\u00d3N MINERA<\/strong><\/p>\n<p>&nbsp;<\/p>\n<p>&nbsp;<\/p>\n<p>&nbsp;<\/p>\n<p>Estudiantes del Programa Profesional de Ingenier\u00eda de Minas presentes en PERUMIN 34 Convenci\u00f3n Minera<\/p>\n<p>&nbsp;<\/p>\n","protected":false},"excerpt":{"rendered":"<p>3er. Simposio Sudamericano de Excavaciones en Roca SASORE 2018 &nbsp; Alumnos del Programa Profesional de Ingenier\u00eda de Minas &#8211; 2018 &nbsp; XXXIII Convenci\u00f3n Internacional de Miner\u00eda Acapulco 2019 &nbsp; Docente presente en la Convenci\u00f3n Internacional de Mineria Acapulco 2019 Estudiante presente en la Convenci\u00f3n Internacional de Miner\u00eda Acapulco 2019 &nbsp; &nbsp; &nbsp; &nbsp; &nbsp; &nbsp; [&hellip;]<\/p>\n","protected":false},"author":1,"featured_media":0,"parent":0,"menu_order":0,"comment_status":"closed","ping_status":"closed","template":"","meta":{"footnotes":""},"class_list":["post-1824","page","type-page","status-publish","hentry"],"_links":{"self":[{"href":"https:\/\/fggm.unsa.edu.pe\/ingminas\/wp-json\/wp\/v2\/pages\/1824","targetHints":{"allow":["GET"]}}],"collection":[{"href":"https:\/\/fggm.unsa.edu.pe\/ingminas\/wp-json\/wp\/v2\/pages"}],"about":[{"href":"https:\/\/fggm.unsa.edu.pe\/ingminas\/wp-json\/wp\/v2\/types\/page"}],"author":[{"embeddable":true,"href":"https:\/\/fggm.unsa.edu.pe\/ingminas\/wp-json\/wp\/v2\/users\/1"}],"replies":[{"embeddable":true,"href":"https:\/\/fggm.unsa.edu.pe\/ingminas\/wp-json\/wp\/v2\/comments?post=1824"}],"version-history":[{"count":3,"href":"https:\/\/fggm.unsa.edu.pe\/ingminas\/wp-json\/wp\/v2\/pages\/1824\/revisions"}],"predecessor-version":[{"id":1837,"href":"https:\/\/fggm.unsa.edu.pe\/ingminas\/wp-json\/wp\/v2\/pages\/1824\/revisions\/1837"}],"wp:attachment":[{"href":"https:\/\/fggm.unsa.edu.pe\/ingminas\/wp-json\/wp\/v2\/media?parent=1824"}],"curies":[{"name":"wp","href":"https:\/\/api.w.org\/{rel}","templated":true}]}}